{"id":1305,"date":"2017-10-04T19:46:44","date_gmt":"2017-10-04T19:46:44","guid":{"rendered":"https:\/\/www.kepfenyezo.hu\/eskuvo\/?page_id=1305"},"modified":"2017-10-08T00:29:10","modified_gmt":"2017-10-08T00:29:10","slug":"david","status":"publish","type":"page","link":"https:\/\/www.kepfenyezo.hu\/eskuvo\/rolunk\/david\/","title":{"rendered":"Bacsa D\u00e1vid"},"content":{"rendered":"<p><img loading=\"lazy\" decoding=\"async\" class=\"alignleft size-medium wp-image-1306\" src=\"https:\/\/www.kepfenyezo.hu\/eskuvo\/wp-content\/uploads\/2017\/10\/david-300x200.jpg\" alt=\"\" width=\"300\" height=\"200\" srcset=\"https:\/\/www.kepfenyezo.hu\/eskuvo\/wp-content\/uploads\/2017\/10\/david-300x200.jpg 300w, https:\/\/www.kepfenyezo.hu\/eskuvo\/wp-content\/uploads\/2017\/10\/david-768x513.jpg 768w, https:\/\/www.kepfenyezo.hu\/eskuvo\/wp-content\/uploads\/2017\/10\/david-750x500.jpg 750w, https:\/\/www.kepfenyezo.hu\/eskuvo\/wp-content\/uploads\/2017\/10\/david.jpg 2048w\" sizes=\"auto, (max-width: 300px) 100vw, 300px\" \/><\/p>\n<p>\u00dagy tekintek a fot\u00f3z\u00e1sra, hogy azok a j\u00f3 k\u00e9pek, amik mes\u00e9lnek. Egy-egy j\u00f3 pillanatot el lehet cs\u00edpni szerencs\u00e9vel, de ahhoz, hogy a k\u00e9pek ne csak egy-k\u00e9t mozzanatot, hanem az eg\u00e9sz t\u00f6rt\u00e9netet bemutass\u00e1k, nem el\u00e9g a szerencse. Ehhez t\u00f6bb mindenre van sz\u00fcks\u00e9g: a f\u00e9nyk\u00e9pez\u00e9s ir\u00e1nti al\u00e1zatra, a rezd\u00fcl\u00e9sek figyel\u00e9s\u00e9re \u00e9s a megfelel\u0151 szakmai felk\u00e9sz\u00fclts\u00e9gre.<\/p>\n<p>Nem akarok k\u00f6zhelyet ism\u00e9telni, de egy j\u00f3l meg\u00f6r\u00f6k\u00edtett pillanat t\u00f6bbet mond ezer sz\u00f3n\u00e1l. Meg merem kock\u00e1ztatni, hogy egy mozg\u00f3k\u00e9pn\u00e9l is besz\u00e9desebb tud lenni. A fot\u00f3snak nagy a felel\u0151ss\u00e9ge, mert az adott esem\u00e9ny bemutat\u00e1sa az \u0151 szem\u00e9n kereszt\u00fcl t\u00f6rt\u00e9nik, \u00e9s minden pillanat egyszeri \u00e9s megism\u00e9telhetetlen. Fot\u00f3z\u00e1s sor\u00e1n c\u00e9lom az, hogy mind az \u00f6nfeledt nevet\u00e9seket, mind a meghat\u00f3 pillanatokat lencsev\u00e9gre kapjam, hogy teljes legyen a t\u00f6rt\u00e9net<\/p>\n","protected":false},"excerpt":{"rendered":"<p>\u00dagy tekintek a fot\u00f3z\u00e1sra, hogy azok a j\u00f3 k\u00e9pek, amik mes\u00e9lnek. Egy-egy j\u00f3 pillanatot el lehet cs\u00edpni szerencs\u00e9vel, de ahhoz, hogy a k\u00e9pek ne &hellip; <a href=\"https:\/\/www.kepfenyezo.hu\/eskuvo\/rolunk\/david\/\" class=\"readmore\">More <span class=\"screen-reader-text\">Bacsa D\u00e1vid<\/span> &raquo;<\/a><\/p>\n","protected":false},"author":9,"featured_media":0,"parent":16,"menu_order":4,"comment_status":"closed","ping_status":"closed","template":"","meta":{"footnotes":"","_links_to":"","_links_to_target":""},"class_list":["post-1305","page","type-page","status-publish","hentry"],"_links":{"self":[{"href":"https:\/\/www.kepfenyezo.hu\/eskuvo\/wp-json\/wp\/v2\/pages\/1305","targetHints":{"allow":["GET"]}}],"collection":[{"href":"https:\/\/www.kepfenyezo.hu\/eskuvo\/wp-json\/wp\/v2\/pages"}],"about":[{"href":"https:\/\/www.kepfenyezo.hu\/eskuvo\/wp-json\/wp\/v2\/types\/page"}],"author":[{"embeddable":true,"href":"https:\/\/www.kepfenyezo.hu\/eskuvo\/wp-json\/wp\/v2\/users\/9"}],"replies":[{"embeddable":true,"href":"https:\/\/www.kepfenyezo.hu\/eskuvo\/wp-json\/wp\/v2\/comments?post=1305"}],"version-history":[{"count":4,"href":"https:\/\/www.kepfenyezo.hu\/eskuvo\/wp-json\/wp\/v2\/pages\/1305\/revisions"}],"predecessor-version":[{"id":1312,"href":"https:\/\/www.kepfenyezo.hu\/eskuvo\/wp-json\/wp\/v2\/pages\/1305\/revisions\/1312"}],"up":[{"embeddable":true,"href":"https:\/\/www.kepfenyezo.hu\/eskuvo\/wp-json\/wp\/v2\/pages\/16"}],"wp:attachment":[{"href":"https:\/\/www.kepfenyezo.hu\/eskuvo\/wp-json\/wp\/v2\/media?parent=1305"}],"curies":[{"name":"wp","href":"https:\/\/api.w.org\/{rel}","templated":true}]}}