{"id":16,"date":"2011-01-11T17:53:10","date_gmt":"2011-01-11T17:53:10","guid":{"rendered":"http:\/\/www.kepfenyezo.hu\/eskuvo\/"},"modified":"2017-10-08T00:37:15","modified_gmt":"2017-10-08T00:37:15","slug":"rolunk","status":"publish","type":"page","link":"https:\/\/www.kepfenyezo.hu\/eskuvo\/rolunk\/","title":{"rendered":"R\u00f3lunk"},"content":{"rendered":"<p><img loading=\"lazy\" decoding=\"async\" class=\" wp-image-685 alignright\" src=\"https:\/\/www.kepfenyezo.hu\/eskuvo\/wp-content\/uploads\/2011\/01\/Kepfenyezo_Logo_White_Gradient_final_RGB.png\" alt=\"Kepfenyezo_Logo_White_Gradient_final_RGB\" width=\"281\" height=\"201\" srcset=\"https:\/\/www.kepfenyezo.hu\/eskuvo\/wp-content\/uploads\/2011\/01\/Kepfenyezo_Logo_White_Gradient_final_RGB.png 357w, https:\/\/www.kepfenyezo.hu\/eskuvo\/wp-content\/uploads\/2011\/01\/Kepfenyezo_Logo_White_Gradient_final_RGB-300x215.png 300w\" sizes=\"auto, (max-width: 281px) 100vw, 281px\" \/>A K\u00e9pf\u00e9nyez\u0151 kicsiny csapata a gyermekeink sz\u00fclet\u00e9s\u00e9vel lassan v\u00e1ltozik, de nem felejtj\u00fck el egym\u00e1st.\u00a0Azok kedv\u00e9\u00e9rt, akik m\u00e1r r\u00e9gebb \u00f3ta ismernek minket, a teljes t\u00f6rt\u00e9net: <a href=\"https:\/\/www.kepfenyezo.hu\/eskuvo\/rolunk\/attila\/\">Mitcsenkov Attila<\/a> jelenti az \u00e1lland\u00f3 pontot a kezdetek \u00f3ta. <a href=\"https:\/\/www.kepfenyezo.hu\/eskuvo\/rolunk\/eszter\/\">Mitcsenkov-Horv\u00e1th Eszter<\/a> \u00e9s G\u00f6llner Juli szint\u00e9n az igen korai id\u0151k \u00f3ta a csapatot er\u0151s\u00edtette,\u00a0de\u00a0a gyermekek sz\u00fclet\u00e9se ut\u00e1n egy-k\u00e9t \u00e9vig mind Eszter, mind Juli els\u0151 sorban az ut\u00e1np\u00f3tl\u00e1s-nevel\u00e9ssel foglalkozott.\u00a0Ez\u00e9rt\u00a02015-ben <a href=\"https:\/\/www.kepfenyezo.hu\/eskuvo\/rolunk\/b-eszter\/\">Beliczay Eszterrel<\/a> er\u0151s\u00f6d\u00f6tt a csapat, \u00edgy\u00a0lett egy m\u00e1sik Eszter\u00fcnk is &#8211; a k\u00f6vetkez\u0151 \u00e9vet azonban m\u00e1r \u0151 is bab\u00e1z\u00e1ssal t\u00f6lt\u00f6tte.\u00a0:)<\/p>\n<p>A 2016-os \u00e9vben teh\u00e1t ism\u00e9t er\u0151s\u00f6dt\u00fcnk: <a href=\"https:\/\/www.kepfenyezo.hu\/eskuvo\/rolunk\/attila\/\">Attila<\/a> \u00e9s <a href=\"https:\/\/www.kepfenyezo.hu\/eskuvo\/rolunk\/niki\/\">Niki<\/a>\u00a0k\u00e9pviselte a K\u00e9pf\u00e9nyez\u0151 csapatot esk\u00fcv\u0151k\u00f6n, m\u00edg M-H. Eszterre az\u00e9rt a diavet\u00edt\u00e9sek \u00f6ssze\u00e1ll\u00edt\u00e1s\u00e1ban, \u00e9s k\u00fcl\u00f6nf\u00e9le fontos, \u00e1mde szinte l\u00e1thatatlan feladatokban tov\u00e1bbra is sz\u00e1m\u00edthatunk. Id\u00e9n, 2017-ben k\u00f6vetkezett az, amire m\u00e1r szinte sz\u00e1m\u00edthattatok ezek ut\u00e1n: Niki is feliratkozott az anyuk\u00e1k klubj\u00e1ba. :) Viszont a gyermekek n\u00f6veked\u00e9se mindk\u00e9t Eszter\u00fcnket visszaengedte n\u00e9h\u00e1ny napra a f\u00e9nyk\u00e9pez\u0151g\u00e9p m\u00f6g\u00e9, \u00fagyhogy Attila hol egyik, hol m\u00e1sik\u00a0Eszter\u00a0mellett dolgozott, ism\u00e9t. :)<br \/>\nA j\u00f6v\u0151 \u00e9vre m\u00e1r t\u00e9nyleg igyeksz\u00fcnk \u00fagy k\u00e9sz\u00fclni, hogy a sok gyerk\u0151c mellett se legy\u00fcnk sosem elveszve, \u00e9s mivel sosem tudhatjuk, pontosan mit hoz az \u00e9let, a csapatot meger\u0151s\u00edtett\u00fck <a href=\"https:\/\/www.kepfenyezo.hu\/eskuvo\/rolunk\/david\/\" target=\"_blank\" rel=\"noopener\">D\u00e1vid<\/a>dal is &#8211; \u00e9s \u00edgy 2018-ban m\u00e1r t\u00f6bbf\u00e9le fel\u00e1ll\u00e1sban is tal\u00e1lkozhattok a K\u00e9pf\u00e9nyez\u0151 csapattal. Biztosan igyeksz\u00fcnk tartani magunkat ahhoz, hogy (vegyes)p\u00e1rban dolgozzunk, egy-egy p\u00e1r n\u0151i \u00e9s f\u00e9rfi szem m\u00e1r k\u00e9pes lehet azt a soksz\u00edn\u0171s\u00e9get biztos\u00edtani, amire v\u00e9lem\u00e9ny\u00fcnk szerint sz\u00fcks\u00e9g van.<\/p>\n<p>T\u00f6bb szempontb\u00f3l elt\u00e9r\u0151 l\u00e1t\u00e1sm\u00f3d\u00fa, de az \u00e9let f\u0151 k\u00e9rd\u00e9seir\u0151l m\u00e9gis hasonl\u00f3an gondolkod\u00f3 fotogr\u00e1fusok vagyunk (\u00e9s persze nyilv\u00e1nval\u00f3, hogy a sok besz\u00e9lget\u00e9s \u00e9s k\u00f6z\u00f6s munka r\u00e9v\u00e9n hatunk egym\u00e1sra is).\u00a0<span style=\"line-height: 1.5;\">Nem f\u00e9nyk\u00e9pez\u00fcnk egyform\u00e1n, \u00e9s \u00e9ppen ez\u00e9rt szeret\u00fcnk egy\u00fctt fot\u00f3zni: az egym\u00e1s mell\u00e9 helyezett k\u00e9pek kieg\u00e9sz\u00edtik, er\u0151s\u00edtik, \u00e9s nem ism\u00e9tlik egym\u00e1st. Ugyanakkor hasonl\u00f3an gondolkozunk azokr\u00f3l az alapvet\u0151 k\u00e9rd\u00e9sekr\u0151l, melyek n\u00e9lk\u00fcl nem ugyanabban l\u00e1tn\u00e1nk az esk\u00fcv\u0151i fotogr\u00e1fia l\u00e9nyeg\u00e9t.\u00a0<\/span>N\u00e9h\u00e1ny \u00e9v &#8220;mag\u00e1nyos&#8221; munka ut\u00e1n a csapat 2009-ben kezdett \u00f6ssze\u00e1llni,\u00a02010\u00a0\u00f3ta m\u00e1r\u00a0minden esk\u00fcv\u0151n\u00a0a ma megszokott fel\u00e1ll\u00e1sban, p\u00e1rban dolgozunk. Nem v\u00e9letlen\u00fcl alakult \u00edgy, az a fot\u00f3z\u00e1si st\u00edlus, amit k\u00e9pvisel\u00fcnk, ezt megk\u00f6veteli.<\/p>\n<p>Mindig arra t\u00f6reksz\u00fcnk, hogy egy \u0151szinte, r\u00f3latok-nektek sz\u00f3l\u00f3 albumot tehess\u00fcnk le v\u00e9g\u00fcl az asztalra, \u00e9s \u00edgy, k\u00e9t fot\u00f3ssal megoldhat\u00f3 az, hogy egyr\u00e9szt mindenre legyen szem\u00fcnk (ak\u00e1r egyidej\u0171leg t\u00f6bbfel\u00e9 is), ugyanakkor m\u00e9gis \u00e9szrev\u00e9tlen\u00fcl tudjunk dolgozni, \u00e9s az esk\u00fcv\u0151 napja ne a mindenbe belezavar\u00f3, \u00f6ssze-vissza rohang\u00e1l\u00f3 fot\u00f3sr\u00f3l sz\u00f3ljon. Fontos, hogy ez a mi eset\u00fcnkben k\u00e9t \u00f6n\u00e1ll\u00f3an gondolkod\u00f3, saj\u00e1t l\u00e1t\u00e1sm\u00f3ddal rendelkez\u0151 fot\u00f3st jelent, \u00e9s nem egy f\u00e9nyk\u00e9p\u00e9szt \u00e9s egy t\u00e1skacipel\u0151 asszisztenst. \u00cdgy ugyan mindkett\u0151nknek hozz\u00e1 kellett er\u0151s\u00f6dnie a t\u00e1sk\u00e1hoz, de ebbe belet\u00f6r\u0151dt\u00fcnk&#8230; :)<\/p>\n<p>A 2014-es \u00e9v sok fontos v\u00e1ltoz\u00e1st hozott a csapat \u00e9let\u00e9be, j\u00f3 dolgok t\u00f6rt\u00e9ntek vel\u00fcnk mind szakmai,\u00a0mind csal\u00e1di t\u00e9ren. 2014-ben Attil\u00e1t, a K\u00e9pf\u00e9nyez\u0151 elind\u00edt\u00f3j\u00e1t a Pillana(r)t, a hazai &#8220;<em>esk\u00fcv\u0151fot\u00f3s sz\u00f6vets\u00e9g<\/em>&#8221; teljes jog\u00fa tagj\u00e1v\u00e1 <a href=\"http:\/\/www.blog.kepfenyezo.hu\/mindenmas\/pillanart\/\">v\u00e1lasztotta<\/a>. Ennek ellen\u00e9re most\u00a0a kor\u00e1bbiakn\u00e1l kevesebb esk\u00fcv\u0151t fogunk f\u00e9nyk\u00e9pezni, mert t\u00f6bb id\u0151t szeretn\u00e9nk a nagy \u00f6r\u00f6mmel v\u00e1rt, nemr\u00e9g \u00e9rkezett pici gyermekeinkkel is t\u00f6lteni. \u00dagy d\u00f6nt\u00f6tt\u00fcnk teh\u00e1t, hogy id\u00e9n\u00a0csak annyit v\u00e1llalunk, amit a kor\u00e1bbi lelkesed\u00e9ssel \u00e9s \u00e1t\u00e9l\u00e9ssel tudunk f\u00e9nyk\u00e9pezni &#8211; de annyit mindenk\u00e9ppen, mert nek\u00fcnk is hi\u00e1nyozna a f\u00e9nyk\u00e9pez\u00e9s. :)<\/p>\n<p><span style=\"border-top-left-radius: 2px; border-top-right-radius: 2px; border-bottom-right-radius: 2px; border-bottom-left-radius: 2px; text-indent: 20px; width: auto; padding: 0px 4px 0px 0px; text-align: center; font-style: normal; font-variant-caps: normal; font-weight: bold; font-stretch: normal; font-size: 11px; line-height: 20px; font-family: 'Helvetica Neue', Helvetica, sans-serif; color: #ffffff; background-image: url(data:image\/svg+xml; base64,phn2zyb4bwxucz0iahr0cdovl3d3dy53my5vcmcvmjawmc9zdmciighlawdodd0imzbwecigd2lkdgg9ijmwchgiihzpzxdcb3g9ii0xic0xidmxidmxij48zz48cgf0acbkpsjnmjkundq5lde0ljy2mibdmjkundq5ldiyljcymiaymi44njgsmjkumju2ide0ljc1ldi5lji1nibdni42mzismjkumju2idaumduxldiyljcymiawlja1mswxnc42njigqzaumduxldyunjaxidyunjmyldaumdy3ide0ljc1ldaumdy3iemymi44njgsmc4wnjcgmjkundq5ldyunjaxidi5ljq0oswxnc42njiiigzpbgw9iinmzmyiihn0cm9rzt0ii2zmziigc3ryb2tllxdpzhropsixij48l3bhdgg+phbhdgggzd0itte0ljczmywxljy4nibdny41mtysms42odygms42njusny40otugms42njusmtqunjyyiemxljy2nswymc4xntkgns4xmdksmjquodu0idkuotcsmjyunzq0iem5ljg1niwyns43mtggos43ntmsmjqumtqzidewljaxniwymy4wmjigqzewlji1mywymi4wmsaxms41ndgsmtyuntcyidexlju0ocwxni41nzigqzexlju0ocwxni41nzigmteumtu3lde1ljc5nsaxms4xntcsmtqunjq2iemxms4xntcsmtiuodqyideyljixmswxms40otugmtmuntiyldexljq5nsbdmtqunjm3ldexljq5nsaxns4xnzusmtiumzi2ide1lje3nswxmy4zmjmgqze1lje3nswxnc40mzygmtqundyylde2ljegmtqumdkzlde3ljy0mybdmtmunzg1lde4ljkznsaxnc43ndusmtkuotg4ide2ljayocwxos45odggqze4ljm1mswxos45odggmjaumtm2lde3lju1niaymc4xmzysmtqumdq2iemymc4xmzysmtauotm5ide3ljg4ocw4ljc2nyaxnc42nzgsoc43njcgqzewljk1osw4ljc2nya4ljc3nywxms41mzygoc43nzcsmtqumzk4iem4ljc3nywxns41mtmgos4ymswxni43mdkgos43ndksmtcumzu5iem5ljg1niwxny40odggos44nzismtcunia5ljg0lde3ljczmsbdos43ndesmtgumtqxidkuntismtkumdizidkundc3lde5ljiwmybdos40miwxos40nca5lji4ocwxos40otegos4wncwxos4znzygqzcunda4lde4ljyymia2ljm4nywxni4yntigni4zodcsmtqumzq5iem2ljm4nywxmc4yntygos4zodmsni40otcgmtuumdiyldyundk3iemxos41ntusni40otcgmjmumdc4ldkunza1idizlja3ocwxmy45otegqzizlja3ocwxoc40njmgmjaumjm5ldiylja2miaxni4yotcsmjiumdyyiemxnc45nzmsmjiumdyyidezljcyocwyms4znzkgmtmumzayldiwlju3mibdmtmumzayldiwlju3miaxmi42ndcsmjmumdugmtiundg4ldizljy1nybdmtiumtkzldi0ljc4ncaxms4zotysmjyumtk2idewljg2mywyny4wntggqzeylja4niwyny40mzqgmtmumzg2ldi3ljyznyaxnc43mzmsmjcunjm3iemyms45nswyny42mzcgmjcuodaxldixljgyocayny44mdesmtqunjyyiemyny44mdesny40otugmjeuotusms42odygmtqunzmzldeunjg2iibmawxspsijymqwodfjij48l3bhdgg+pc9npjwvc3znpg==); background-size: 14px 14px; background-color: #bd081c; position: absolute; opacity: 1; z-index: 8675309; display: none; cursor: pointer; border: none; -webkit-font-smoothing: antialiased; top: 44px; left: 1775px; background-position: 3px 50%; background-repeat: no-repeat no-repeat;\">Save<\/span><span style=\"border-top-left-radius: 2px; border-top-right-radius: 2px; border-bottom-right-radius: 2px; border-bottom-left-radius: 2px; text-indent: 20px; width: auto; padding: 0px 4px 0px 0px; text-align: center; font-style: normal; font-variant-caps: normal; font-weight: bold; font-stretch: normal; font-size: 11px; line-height: 20px; font-family: 'Helvetica Neue', Helvetica, sans-serif; color: #ffffff; background-image: url(data:image\/svg+xml; base64,phn2zyb4bwxucz0iahr0cdovl3d3dy53my5vcmcvmjawmc9zdmciighlawdodd0imzbwecigd2lkdgg9ijmwchgiihzpzxdcb3g9ii0xic0xidmxidmxij48zz48cgf0acbkpsjnmjkundq5lde0ljy2mibdmjkundq5ldiyljcymiaymi44njgsmjkumju2ide0ljc1ldi5lji1nibdni42mzismjkumju2idaumduxldiyljcymiawlja1mswxnc42njigqzaumduxldyunjaxidyunjmyldaumdy3ide0ljc1ldaumdy3iemymi44njgsmc4wnjcgmjkundq5ldyunjaxidi5ljq0oswxnc42njiiigzpbgw9iinmzmyiihn0cm9rzt0ii2zmziigc3ryb2tllxdpzhropsixij48l3bhdgg+phbhdgggzd0itte0ljczmywxljy4nibdny41mtysms42odygms42njusny40otugms42njusmtqunjyyiemxljy2nswymc4xntkgns4xmdksmjquodu0idkuotcsmjyunzq0iem5ljg1niwyns43mtggos43ntmsmjqumtqzidewljaxniwymy4wmjigqzewlji1mywymi4wmsaxms41ndgsmtyuntcyidexlju0ocwxni41nzigqzexlju0ocwxni41nzigmteumtu3lde1ljc5nsaxms4xntcsmtqunjq2iemxms4xntcsmtiuodqyideyljixmswxms40otugmtmuntiyldexljq5nsbdmtqunjm3ldexljq5nsaxns4xnzusmtiumzi2ide1lje3nswxmy4zmjmgqze1lje3nswxnc40mzygmtqundyylde2ljegmtqumdkzlde3ljy0mybdmtmunzg1lde4ljkznsaxnc43ndusmtkuotg4ide2ljayocwxos45odggqze4ljm1mswxos45odggmjaumtm2lde3lju1niaymc4xmzysmtqumdq2iemymc4xmzysmtauotm5ide3ljg4ocw4ljc2nyaxnc42nzgsoc43njcgqzewljk1osw4ljc2nya4ljc3nywxms41mzygoc43nzcsmtqumzk4iem4ljc3nywxns41mtmgos4ymswxni43mdkgos43ndksmtcumzu5iem5ljg1niwxny40odggos44nzismtcunia5ljg0lde3ljczmsbdos43ndesmtgumtqxidkuntismtkumdizidkundc3lde5ljiwmybdos40miwxos40nca5lji4ocwxos40otegos4wncwxos4znzygqzcunda4lde4ljyymia2ljm4nywxni4yntigni4zodcsmtqumzq5iem2ljm4nywxmc4yntygos4zodmsni40otcgmtuumdiyldyundk3iemxos41ntusni40otcgmjmumdc4ldkunza1idizlja3ocwxmy45otegqzizlja3ocwxoc40njmgmjaumjm5ldiylja2miaxni4yotcsmjiumdyyiemxnc45nzmsmjiumdyyidezljcyocwyms4znzkgmtmumzayldiwlju3mibdmtmumzayldiwlju3miaxmi42ndcsmjmumdugmtiundg4ldizljy1nybdmtiumtkzldi0ljc4ncaxms4zotysmjyumtk2idewljg2mywyny4wntggqzeylja4niwyny40mzqgmtmumzg2ldi3ljyznyaxnc43mzmsmjcunjm3iemyms45nswyny42mzcgmjcuodaxldixljgyocayny44mdesmtqunjyyiemyny44mdesny40otugmjeuotusms42odygmtqunzmzldeunjg2iibmawxspsijymqwodfjij48l3bhdgg+pc9npjwvc3znpg==); background-size: 14px 14px; background-color: #bd081c; position: absolute; opacity: 1; z-index: 8675309; display: none; cursor: pointer; border: none; -webkit-font-smoothing: antialiased; top: 44px; left: 1775px; background-position: 3px 50%; background-repeat: no-repeat no-repeat;\">Save<\/span><\/p>\n<p><span style=\"border-top-left-radius: 2px; border-top-right-radius: 2px; border-bottom-right-radius: 2px; border-bottom-left-radius: 2px; text-indent: 20px; width: auto; padding: 0px 4px 0px 0px; text-align: center; font-style: normal; font-variant-caps: normal; font-weight: bold; font-stretch: normal; font-size: 11px; line-height: 20px; font-family: 'Helvetica Neue', Helvetica, sans-serif; color: #ffffff; background-image: url(data:image\/svg+xml; base64,phn2zyb4bwxucz0iahr0cdovl3d3dy53my5vcmcvmjawmc9zdmciighlawdodd0imzbwecigd2lkdgg9ijmwchgiihzpzxdcb3g9ii0xic0xidmxidmxij48zz48cgf0acbkpsjnmjkundq5lde0ljy2mibdmjkundq5ldiyljcymiaymi44njgsmjkumju2ide0ljc1ldi5lji1nibdni42mzismjkumju2idaumduxldiyljcymiawlja1mswxnc42njigqzaumduxldyunjaxidyunjmyldaumdy3ide0ljc1ldaumdy3iemymi44njgsmc4wnjcgmjkundq5ldyunjaxidi5ljq0oswxnc42njiiigzpbgw9iinmzmyiihn0cm9rzt0ii2zmziigc3ryb2tllxdpzhropsixij48l3bhdgg+phbhdgggzd0itte0ljczmywxljy4nibdny41mtysms42odygms42njusny40otugms42njusmtqunjyyiemxljy2nswymc4xntkgns4xmdksmjquodu0idkuotcsmjyunzq0iem5ljg1niwyns43mtggos43ntmsmjqumtqzidewljaxniwymy4wmjigqzewlji1mywymi4wmsaxms41ndgsmtyuntcyidexlju0ocwxni41nzigqzexlju0ocwxni41nzigmteumtu3lde1ljc5nsaxms4xntcsmtqunjq2iemxms4xntcsmtiuodqyideyljixmswxms40otugmtmuntiyldexljq5nsbdmtqunjm3ldexljq5nsaxns4xnzusmtiumzi2ide1lje3nswxmy4zmjmgqze1lje3nswxnc40mzygmtqundyylde2ljegmtqumdkzlde3ljy0mybdmtmunzg1lde4ljkznsaxnc43ndusmtkuotg4ide2ljayocwxos45odggqze4ljm1mswxos45odggmjaumtm2lde3lju1niaymc4xmzysmtqumdq2iemymc4xmzysmtauotm5ide3ljg4ocw4ljc2nyaxnc42nzgsoc43njcgqzewljk1osw4ljc2nya4ljc3nywxms41mzygoc43nzcsmtqumzk4iem4ljc3nywxns41mtmgos4ymswxni43mdkgos43ndksmtcumzu5iem5ljg1niwxny40odggos44nzismtcunia5ljg0lde3ljczmsbdos43ndesmtgumtqxidkuntismtkumdizidkundc3lde5ljiwmybdos40miwxos40nca5lji4ocwxos40otegos4wncwxos4znzygqzcunda4lde4ljyymia2ljm4nywxni4yntigni4zodcsmtqumzq5iem2ljm4nywxmc4yntygos4zodmsni40otcgmtuumdiyldyundk3iemxos41ntusni40otcgmjmumdc4ldkunza1idizlja3ocwxmy45otegqzizlja3ocwxoc40njmgmjaumjm5ldiylja2miaxni4yotcsmjiumdyyiemxnc45nzmsmjiumdyyidezljcyocwyms4znzkgmtmumzayldiwlju3mibdmtmumzayldiwlju3miaxmi42ndcsmjmumdugmtiundg4ldizljy1nybdmtiumtkzldi0ljc4ncaxms4zotysmjyumtk2idewljg2mywyny4wntggqzeylja4niwyny40mzqgmtmumzg2ldi3ljyznyaxnc43mzmsmjcunjm3iemyms45nswyny42mzcgmjcuodaxldixljgyocayny44mdesmtqunjyyiemyny44mdesny40otugmjeuotusms42odygmtqunzmzldeunjg2iibmawxspsijymqwodfjij48l3bhdgg+pc9npjwvc3znpg==); background-size: 14px 14px; background-color: #bd081c; position: absolute; opacity: 1; z-index: 8675309; display: none; cursor: pointer; border: none; -webkit-font-smoothing: antialiased; top: 44px; left: 1775px; background-position: 3px 50%; background-repeat: no-repeat no-repeat;\">Save<\/span><span style=\"border-top-left-radius: 2px; border-top-right-radius: 2px; border-bottom-right-radius: 2px; border-bottom-left-radius: 2px; text-indent: 20px; width: auto; padding: 0px 4px 0px 0px; text-align: center; font-style: normal; font-variant-caps: normal; font-weight: bold; font-stretch: normal; font-size: 11px; line-height: 20px; font-family: 'Helvetica Neue', Helvetica, sans-serif; color: #ffffff; background-image: url(data:image\/svg+xml; base64,phn2zyb4bwxucz0iahr0cdovl3d3dy53my5vcmcvmjawmc9zdmciighlawdodd0imzbwecigd2lkdgg9ijmwchgiihzpzxdcb3g9ii0xic0xidmxidmxij48zz48cgf0acbkpsjnmjkundq5lde0ljy2mibdmjkundq5ldiyljcymiaymi44njgsmjkumju2ide0ljc1ldi5lji1nibdni42mzismjkumju2idaumduxldiyljcymiawlja1mswxnc42njigqzaumduxldyunjaxidyunjmyldaumdy3ide0ljc1ldaumdy3iemymi44njgsmc4wnjcgmjkundq5ldyunjaxidi5ljq0oswxnc42njiiigzpbgw9iinmzmyiihn0cm9rzt0ii2zmziigc3ryb2tllxdpzhropsixij48l3bhdgg+phbhdgggzd0itte0ljczmywxljy4nibdny41mtysms42odygms42njusny40otugms42njusmtqunjyyiemxljy2nswymc4xntkgns4xmdksmjquodu0idkuotcsmjyunzq0iem5ljg1niwyns43mtggos43ntmsmjqumtqzidewljaxniwymy4wmjigqzewlji1mywymi4wmsaxms41ndgsmtyuntcyidexlju0ocwxni41nzigqzexlju0ocwxni41nzigmteumtu3lde1ljc5nsaxms4xntcsmtqunjq2iemxms4xntcsmtiuodqyideyljixmswxms40otugmtmuntiyldexljq5nsbdmtqunjm3ldexljq5nsaxns4xnzusmtiumzi2ide1lje3nswxmy4zmjmgqze1lje3nswxnc40mzygmtqundyylde2ljegmtqumdkzlde3ljy0mybdmtmunzg1lde4ljkznsaxnc43ndusmtkuotg4ide2ljayocwxos45odggqze4ljm1mswxos45odggmjaumtm2lde3lju1niaymc4xmzysmtqumdq2iemymc4xmzysmtauotm5ide3ljg4ocw4ljc2nyaxnc42nzgsoc43njcgqzewljk1osw4ljc2nya4ljc3nywxms41mzygoc43nzcsmtqumzk4iem4ljc3nywxns41mtmgos4ymswxni43mdkgos43ndksmtcumzu5iem5ljg1niwxny40odggos44nzismtcunia5ljg0lde3ljczmsbdos43ndesmtgumtqxidkuntismtkumdizidkundc3lde5ljiwmybdos40miwxos40nca5lji4ocwxos40otegos4wncwxos4znzygqzcunda4lde4ljyymia2ljm4nywxni4yntigni4zodcsmtqumzq5iem2ljm4nywxmc4yntygos4zodmsni40otcgmtuumdiyldyundk3iemxos41ntusni40otcgmjmumdc4ldkunza1idizlja3ocwxmy45otegqzizlja3ocwxoc40njmgmjaumjm5ldiylja2miaxni4yotcsmjiumdyyiemxnc45nzmsmjiumdyyidezljcyocwyms4znzkgmtmumzayldiwlju3mibdmtmumzayldiwlju3miaxmi42ndcsmjmumdugmtiundg4ldizljy1nybdmtiumtkzldi0ljc4ncaxms4zotysmjyumtk2idewljg2mywyny4wntggqzeylja4niwyny40mzqgmtmumzg2ldi3ljyznyaxnc43mzmsmjcunjm3iemyms45nswyny42mzcgmjcuodaxldixljgyocayny44mdesmtqunjyyiemyny44mdesny40otugmjeuotusms42odygmtqunzmzldeunjg2iibmawxspsijymqwodfjij48l3bhdgg+pc9npjwvc3znpg==); background-size: 14px 14px; background-color: #bd081c; position: absolute; opacity: 1; z-index: 8675309; display: none; cursor: pointer; border: none; -webkit-font-smoothing: antialiased; top: 44px; left: 1775px; background-position: 3px 50%; background-repeat: no-repeat no-repeat;\">Save<\/span><\/p>\n","protected":false},"excerpt":{"rendered":"<p>A K\u00e9pf\u00e9nyez\u0151 kicsiny csapata a gyermekeink sz\u00fclet\u00e9s\u00e9vel lassan v\u00e1ltozik, de nem felejtj\u00fck el egym\u00e1st.\u00a0Azok kedv\u00e9\u00e9rt, akik m\u00e1r r\u00e9gebb \u00f3ta ismernek minket, a teljes t\u00f6rt\u00e9net: &hellip; <a href=\"https:\/\/www.kepfenyezo.hu\/eskuvo\/rolunk\/\" class=\"readmore\">More <span class=\"screen-reader-text\">R\u00f3lunk<\/span> &raquo;<\/a><\/p>\n","protected":false},"author":9,"featured_media":0,"parent":0,"menu_order":31,"comment_status":"open","ping_status":"closed","template":"","meta":{"footnotes":"","_links_to":"","_links_to_target":""},"class_list":["post-16","page","type-page","status-publish","hentry"],"_links":{"self":[{"href":"https:\/\/www.kepfenyezo.hu\/eskuvo\/wp-json\/wp\/v2\/pages\/16","targetHints":{"allow":["GET"]}}],"collection":[{"href":"https:\/\/www.kepfenyezo.hu\/eskuvo\/wp-json\/wp\/v2\/pages"}],"about":[{"href":"https:\/\/www.kepfenyezo.hu\/eskuvo\/wp-json\/wp\/v2\/types\/page"}],"author":[{"embeddable":true,"href":"https:\/\/www.kepfenyezo.hu\/eskuvo\/wp-json\/wp\/v2\/users\/9"}],"replies":[{"embeddable":true,"href":"https:\/\/www.kepfenyezo.hu\/eskuvo\/wp-json\/wp\/v2\/comments?post=16"}],"version-history":[{"count":23,"href":"https:\/\/www.kepfenyezo.hu\/eskuvo\/wp-json\/wp\/v2\/pages\/16\/revisions"}],"predecessor-version":[{"id":1314,"href":"https:\/\/www.kepfenyezo.hu\/eskuvo\/wp-json\/wp\/v2\/pages\/16\/revisions\/1314"}],"wp:attachment":[{"href":"https:\/\/www.kepfenyezo.hu\/eskuvo\/wp-json\/wp\/v2\/media?parent=16"}],"curies":[{"name":"wp","href":"https:\/\/api.w.org\/{rel}","templated":true}]}}